6
In base 13, what is -8c0 - 5?
-8c5
In base 12, what is 1049 + -5?
1044
In base 15, what is 37 + -7?
30
In base 2, what is 11 - -100010101?
100011000
In base 4, what is -111 + 111?
0
In base 14, what is 2c99 + -1?
2c98
In base 11, what is -171a - -3?
-1717
In base 13, what is 3592 - 2?
3590
In base 7, what is -5 + -65?
-103
In base 3, what is 1 + -211?
-210
In base 15, what is 85 + -8e?
-9
In base 8, what is -3 + 354?
351
In base 11, what is -1a - 1051?
-1070
In base 8, what is -7 - 3?
-12
In base 6, what is -2 - -115?
113
In base 13, what is -3 - a2?
-a5
In base 15, what is -5 + -2a?
-30
In base 11, what is -6 - -956?
950
In base 8, what is -3723 + 4?
-3717
In base 11, what is -418 - 8?
-425
In base 10, what is -7 - -82?
75
In base 2, what is -100 + -111000?
-111100
In base 7, what is -12 + 4154?
4142
In base 2, what is -1 + -1110011?
-1110100
In base 5, what is 4 + -1422?
-1413
In base 13, what is -2a7 + -5?
-2ac
In base 4, what is 11 - -303?
320
In base 3, what is 1202102120 - -12?
1202102202
In base 4, what is -2031 + 21?
-2010
In base 3, what is 21 + -22220?
-22122
In base 14, what is 2d2 - -5?
2d7
In base 14, what is 14 + 63?
77
In base 3, what is 2011 + -100?
1211
In base 14, what is 3 + -47?
-44
In base 3, what is -22 - 22112?
-22211
In base 8, what is 10 - 2?
6
In base 10, what is -328 + 0?
-328
In base 4, what is 2122 - 10?
2112
In base 3, what is -1 + -100102?
-100110
In base 8, what is 0 - 3111?
-3111
In base 5, what is -122 - -1?
-121
In base 16, what is -4 + -19be?
-19c2
In base 16, what is 8 + 4?
c
In base 16, what is -24e - -2?
-24c
In base 2, what is 100110 - -100?
101010
In base 11, what is 2332 - 4?
2329
In base 8, what is -73533 - -4?
-73527
In base 9, what is -8 - 2?
-11
In base 12, what is 5 + 85?
8a
In base 11, what is -5 + 1700?
16a6
In base 15, what is 2b - -e?
3a
In base 8, what is 1 - 326?
-325
In base 8, what is -26 - 20?
-46
In base 10, what is -7 + -17?
-24
In base 14, what is -1c - 21?
-3d
In base 2, what is -110 + 1101010?
1100100
In base 6, what is 0 - 134?
-134
In base 7, what is -421 - 44?
-465
In base 6, what is 2 + -5250?
-5244
In base 16, what is -3 + -5?
-8
In base 7, what is 1 - 506?
-505
In base 5, what is -11 - 40001?
-40012
In base 14, what is -b - -216?
209
In base 5, what is 12 + 1211?
1223
In base 4, what is -11 + 2103?
2032
In base 13, what is 40 - -9?
49
In base 4, what is 31200 - 2?
31132
In base 13, what is -1a2 - -3?
-19c
In base 15, what is 38b - 3?
388
In base 10, what is -1923 - 5?
-1928
In base 2, what is -1 - -11100011001?
11100011000
In base 5, what is 103 + -1?
102
In base 15, what is a3 - 0?
a3
In base 2, what is 11 - -111111?
1000010
In base 14, what is -a4 - 5?
-a9
In base 5, what is 1034 - 0?
1034
In base 4, what is 2 + 23020?
23022
In base 12, what is 5 - -72?
77
In base 3, what is -1 + -111?
-112
In base 16, what is -f + e?
-1
In base 16, what is -9a5 - -1?
-9a4
In base 13, what is 938 - 1?
937
In base 16, what is 8 + 2c0?
2c8
In base 10, what is 73 + -242?
-169
In base 11, what is -19a + -35?
-224
In base 7, what is -16 - -25?
6
In base 14, what is 15 - -d7?
10c
In base 11, what is 244 + 0?
244
In base 13, what is -a25 - 0?
-a25
In base 14, what is d + 21?
30
In base 4, what is -11 - -123230?
123213
In base 2, what is 10100010 - 10?
10100000
In base 8, what is 57 + 12?
71
In base 12, what is -a7 - 0?
-a7
In base 10, what is -248 - 17?
-265
In base 16, what is 0 - 1238?
-1238
In base 7, what is -266 + -22?
-321
In base 7, what is 33 + 3?
36
In base 16, what is 3 + 1b?
1e
In base 12, what is 14 + 10?
24
In base 16, what is -f2 + -5?
-f7
In base 6, what is 1 - 13344?
-13343
In base 2, what is -100 + 1110?
1010
In base 9, what is -452 - 30?
-482
In base 14, what is 39 - 2?
37
In base 8, what is 0 + -162?
-162
In base 16, what is bf7 + 2?
bf9
In base 5, what is 14 - -14104?
14123
In base 5, what is 2 - 114?
-112
In base 3, what is 1201110 - -12?
1201122
In base 9, what is -310 + -4?
-314
In base 5, what is 224242 + 2?
224244
In base 14, what is 5 + -78?
-73
In base 16, what is 2 + -54?
-52
In base 13, what is -11b - 6?
-124
In base 13, what is 4cb + -4?
4c7
In base 10, what is 22 - 2?
20
In base 16, what is 30 + 5?
35
In base 12, what is 31 + 2?
33
In base 2, what is -10111101 - -1001000?
-1110101
In base 3, what is 11 - 202221?
-202210
In base 13, what is -1 + -27?
-28
In base 3, what is 101 + -200210?
-200102
In base 2, what is -110010100001 - -111?
-110010011010
In base 2, what is 101100 + -1011000?
-101100
In base 5, what is -4 + 2101?
2042
In base 8, what is -42475 - -1?
-42474
In base 10, what is 669 + -1?
668
In base 4, what is 231 + 13?
310
In base 10, what is -5 - 36?
-41
In base 2, what is 10 - -100111?
101001
In base 12, what is -1a + -1a?
-38
In base 10, what is -20 + 378?
358
In base 12, what is -36a8 + 0?
-36a8
In base 14, what is -3 + 18?
15
In base 16, what is -4 - f2?
-f6
In base 4, what is -1 + -21?
-22
In base 8, what is -5 + -2664?
-2671
In base 9, what is -2 + 251?
248
In base 11, what is -a7 + -6?
-102
In base 11, what is -1826 - -5?
-1821
In base 6, what is -5300 - 4?
-5304
In base 6, what is 24033 + 4?
24041
In base 8, what is 4 - 327?
-323
In base 2, what is 101 + 11001010?
11001111
In base 15, what is 3c - 2?
3a
In base 6, what is 4 + -33?
-25
In base 7, what is -1 - 1?
-2
In base 7, what is 240 + 2?
242
In base 10, what is 2503 + -4?
2499
In base 16, what is -19 - 29?
-42
In base 6, what is 11 - 1020?
-1005
In base 9, what is 487 - -3?
501
In base 4, what is 3 + 101?
110
In base 7, what is -3 - -6024?
6021
In base 2, what is 111111 - -10001?
1010000
In base 13, what is 9c + 4?
a3
In base 9, what is 157 - -4?
162
In base 7, what is -3 - -214?
211
In base 13, what is 1 - -72?
73
In base 3, what is 1 + -100220?
-100212
In base 4, what is -310230 + -11?
-310301
In base 13, what is -14 - c?
-23
In base 15, what is 0 + -19?
-19
In base 7, what is -3 - -33?
30
In base 6, what is 1 - -1125?
1130
In base 16, what is -2 - 1d6?
-1d8
In base 8, what is 1066 + 3?
1071
In base 14, what is -7b + 1?
-7a
In base 9, what is -15 - -16?
1
In base 8, what is 1413 - -3?
1416
In base 15, what is 13b + 0?
13b
In base 6, what is 3 - -20?
23
In base 8, what is -300 + 15?
-263
In base 15, what is -2bbe - 1?
-2bc0
In base 3, what is 12 + -1?
11
In base 7, what is -4540 + 1?
-4536
In base 16, what is 2 + -e?
-c
In base 4, what is -11 + 220?
203
In base 15, what is -7c - -3?
-79
In base 10, what is 0 + 978?
978
In base 2, what is -10010 + -110?
-11000
In base 13, what is -5 + c9?
c4
In base 12, what is -28 - 17?
-43
In base 6, what is 2313 - -30?
2343
In base 3, what is 10 - -12022?
12102
In base 10, what is 2 - -28?
30
In base 2, what is -10010 - -1001001000?
1000110110
In base 11, what is -1 + -101?
-102
In base 15, what is -a74 + -3?
-a77
In base 10, what is 74 + -3?
71
In base 10, what is 0 - -59?
59
In base 10, what is 4 - -1286?
1290
In base 6, what is 1 + 5122?
5123
In base 11, what is 10 - -60?
70
In base 13, what is 0 - 1a79?
-1a79
In base 6, what is -2055 - -3?
-2052
In base 12, what is -11 + -99?
-aa
In base 8, what is -2 - -1264?
1262
In base 10, what is -2378 - 4?
-2382
In base 7, what is -1 - -54?
53
In base 6, what is 3443 - -5?
3452
In base 6, what is 41 + 20?
101
In base 12, what is 12b + -4?
127
In base 10, what is -16 - -28?
12
In base 8, what is 14 - -231?
245
In base 4, what is -13 + 13310?
13231
In base 7, what is -3 - -36?
33
In base 8, what is 0 + -22?
-22
In base 14, what is -537 - 1?
-538
In base 8, what is 5 + 226?
233
In base 15, what is 1978 + -3?
1975
In base 10, what is -258 + -4?
-262
In base 7, what is -1512 - -1?
-1511
In base 12, what is 185 - a?
177
In base 12, what is -3 - -29?
26
In base 10, what is 2 + 44?
46
In base 6, what is -50 + 1?
-45
In base 13, what is -6 - -a9?
a3
In base 15, what is 57bb + -4?
57b7
In base 13, what is -2 - 3c?
-41
In base 15, what is -19b0 - 1?
-19b1
In base 4, what is -1001 - -2?
-333
In base 11, what is -1 + -17?
-18
In base 7, what is 223 + 5?
231
In base 10, what is -18 + -89?
-107
In base 10, what is -2 + -111?
-113
In base 2, what is 1 + -100010?
-100001
In base 11, what is 24 + -165?
-141
In base 10, what is 4 - 105?
-101
In base 2, what is 111010 - 100?
110110
In base 4, what is -1300 + 13?
-1221
In base 15, 